{"id":79,"date":"2014-12-21T19:51:09","date_gmt":"2014-12-21T18:51:09","guid":{"rendered":"http:\/\/pixelfrosch.org\/yoga-keul\/?page_id=79"},"modified":"2026-02-22T16:36:34","modified_gmt":"2026-02-22T15:36:34","slug":"aktuelles","status":"publish","type":"page","link":"http:\/\/monika-keul-yoga.de\/?page_id=79","title":{"rendered":"Aktuelles"},"content":{"rendered":"\n<div class=\"wp-block-group\"><div class=\"wp-block-group__inner-container is-layout-flow wp-block-group-is-layout-flow\">\n<p class=\"has-text-align-left has-vivid-cyan-blue-color has-text-color has-medium-font-size\"><strong>Yoga f\u00fcr Schwangere &#8222;Zeit f\u00fcr dich und dein Baby&#8220;<\/strong><\/p>\n\n\n\n<p class=\"has-medium-font-size\"><strong>Kennenlernen von sanften Yoga\u00fcbungen speziell f\u00fcr Schwangere<\/strong><\/p>\n\n\n\n<p class=\"has-medium-font-size\"><\/p>\n\n\n\n<p class=\"has-medium-font-size\"><strong>Start: 10. April  2026<\/strong><\/p>\n\n\n\n<p class=\"has-medium-font-size\"><\/p>\n\n\n\n<p class=\"has-medium-font-size\"><strong>18.30-19.30 Uhr 5 Termine <\/strong><\/p>\n\n\n\n<p><\/p>\n\n\n\n<p class=\"has-vivid-cyan-blue-color has-text-color has-medium-font-size\"><strong>!!! 30 Minuten Online Morgen-Yoga &#8211; entspannt ins Wochenende!!!<\/strong><\/p>\n\n\n\n<p class=\"has-medium-font-size\"><strong>Sa: 8.30 &#8211; 9.00 Uhr<\/strong><\/p>\n\n\n\n<p class=\"has-white-color has-white-background-color has-text-color has-background has-medium-font-size\">30 Minuten Morgen Online Yoga f\u00fcr einen entspannten Start ins Wochenende<\/p>\n\n\n\n<p class=\"has-white-color has-white-background-color has-text-color has-background\"><strong>Sa: 8.00 &#8211; 8.30 h<\/strong><\/p>\n\n\n\n<p><\/p>\n<\/div><\/div>\n\n\n\n<p><\/p>\n","protected":false},"excerpt":{"rendered":"<p>Yoga f\u00fcr Schwangere &#8222;Zeit f\u00fcr dich und dein Baby&#8220; Kennenlernen von sanften Yoga\u00fcbungen speziell f\u00fcr Schwangere Start: 10. April 2026 18.30-19.30 Uhr 5 Termine !!! 30 Minuten Online Morgen-Yoga &#8211; entspannt ins Wochenende!!! Sa: 8.30 &#8211; 9.00 Uhr 30 Minuten Morgen Online Yoga f\u00fcr einen entspannten Start ins Wochenende Sa: 8.00 &#8211; 8.30 h<a class=\"more\" href=\"http:\/\/monika-keul-yoga.de\/?page_id=79\" title=\"Read More\"> [&#8230;] <\/a><\/p>\n","protected":false},"author":2,"featured_media":0,"parent":0,"menu_order":0,"comment_status":"closed","ping_status":"open","template":"","meta":{"footnotes":""},"class_list":["post-79","page","type-page","status-publish","hentry","post-container col-md-12"],"_links":{"self":[{"href":"http:\/\/monika-keul-yoga.de\/index.php?rest_route=\/wp\/v2\/pages\/79","targetHints":{"allow":["GET"]}}],"collection":[{"href":"http:\/\/monika-keul-yoga.de\/index.php?rest_route=\/wp\/v2\/pages"}],"about":[{"href":"http:\/\/monika-keul-yoga.de\/index.php?rest_route=\/wp\/v2\/types\/page"}],"author":[{"embeddable":true,"href":"http:\/\/monika-keul-yoga.de\/index.php?rest_route=\/wp\/v2\/users\/2"}],"replies":[{"embeddable":true,"href":"http:\/\/monika-keul-yoga.de\/index.php?rest_route=%2Fwp%2Fv2%2Fcomments&post=79"}],"version-history":[{"count":161,"href":"http:\/\/monika-keul-yoga.de\/index.php?rest_route=\/wp\/v2\/pages\/79\/revisions"}],"predecessor-version":[{"id":698,"href":"http:\/\/monika-keul-yoga.de\/index.php?rest_route=\/wp\/v2\/pages\/79\/revisions\/698"}],"wp:attachment":[{"href":"http:\/\/monika-keul-yoga.de\/index.php?rest_route=%2Fwp%2Fv2%2Fmedia&parent=79"}],"curies":[{"name":"wp","href":"https:\/\/api.w.org\/{rel}","templated":true}]}}